What is the remainder when 213 is divided by 59?
36
What is the remainder when 753 is divided by 75?
3
Calculate the remainder when 170 is divided by 77.
16
What is the remainder when 325 is divided by 11?
6
Calculate the remainder when 575 is divided by 280.
15
What is the remainder when 105 is divided by 39?
27
Calculate the remainder when 643 is divided by 58.
5
What is the remainder when 9 is divided by 3?
0
What is the remainder when 500 is divided by 14?
10
Calculate the remainder when 101 is divided by 29.
14
Calculate the remainder when 1751 is divided by 39.
35
What is the remainder when 34527 is divided by 73?
71
What is the remainder when 46 is divided by 26?
20
Calculate the remainder when 66 is divided by 15.
6
Calculate the remainder when 2167 is divided by 167.
163
Calculate the remainder when 2557 is divided by 8.
5
What is the remainder when 184 is divided by 17?
14
What is the remainder when 908 is divided by 4?
0
Calculate the remainder when 4622 is divided by 1154.
6
What is the remainder when 483 is divided by 42?
21
Calculate the remainder when 25 is divided by 19.
6
What is the remainder when 71 is divided by 32?
7
What is the remainder when 35 is divided by 18?
17
Calculate the remainder when 126 is divided by 32.
30
What is the remainder when 1713 is divided by 78?
75
What is the remainder when 267 is divided by 54?
51
Calculate the remainder when 331 is divided by 67.
63
What is the remainder when 2039 is divided by 40?
39
Calculate the remainder when 7368 is divided by 21.
18
Calculate the remainder when 287 is divided by 81.
44
What is the remainder when 11800 is divided by 11?
8
Calculate the remainder when 1503 is divided by 26.
21
Calculate the remainder when 110 is divided by 40.
30
What is the remainder when 400 is divided by 38?
20
What is the remainder when 3566 is divided by 137?
4
Calculate the remainder when 644 is divided by 65.
59
Calculate the remainder when 5506 is divided by 26.
20
What is the remainder when 180 is divided by 14?
12
What is the remainder when 10526 is divided by 78?
74
What is the remainder when 921 is divided by 116?
109
What is the remainder when 267 is divided by 31?
19
What is the remainder when 244 is divided by 56?
20
Calculate the remainder when 371 is divided by 339.
32
What is the remainder when 1337 is divided by 225?
212
Calculate the remainder when 534 is divided by 39.
27
Calculate the remainder when 47 is divided by 20.
7
What is the remainder when 119 is divided by 24?
23
Calculate the remainder when 767 is divided by 24.
23
What is the remainder when 122 is divided by 97?
25
Calculate the remainder when 101 is divided by 44.
13
What is the remainder when 31 is divided by 27?
4
Calculate the remainder when 1285 is divided by 13.
11
What is the remainder when 57 is divided by 5?
2
Calculate the remainder when 135 is divided by 28.
23
What is the remainder when 621 is divided by 35?
26
What is the remainder when 2292 is divided by 4?
0
What is the remainder when 189 is divided by 83?
23
Calculate the remainder when 738 is divided by 21.
3
Calculate the remainder when 195 is divided by 22.
19
What is the remainder when 133 is divided by 10?
3
What is the remainder when 429 is divided by 55?
44
Calculate the remainder when 913 is divided by 909.
4
Calculate the remainder when 402 is divided by 37.
32
Calculate the remainder when 7503 is divided by 7.
6
What is the remainder when 1979 is divided by 386?
49
What is the remainder when 29 is divided by 9?
2
Calculate the remainder when 75 is divided by 61.
14
Calculate the remainder when 153 is divided by 22.
21
Calculate the remainder when 985 is divided by 106.
31
What is the remainder when 137 is divided by 66?
5
What is the remainder when 143 is divided by 12?
11
What is the remainder when 256 is divided by 246?
10
What is the remainder when 57 is divided by 49?
8
What is the remainder when 586 is divided by 66?
58
What is the remainder when 263 is divided by 11?
10
What is the remainder when 142 is divided by 75?
67
Calculate the remainder when 4021 is divided by 5.
1
What is the remainder when 298 is divided by 15?
13
Calculate the remainder when 77 is divided by 20.
17
What is the remainder when 3148 is divided by 45?
43
What is the remainder when 698 is divided by 613?
85
Calculate the remainder when 49 is divided by 47.
2
What is the remainder when 148 is divided by 43?
19
What is the remainder when 98 is divided by 10?
8
Calculate the remainder when 648 is divided by 229.
190
What is the remainder when 28 is divided by 17?
11
What is the remainder when 2212 is divided by 111?
103
Calculate the remainder when 41 is divided by 3.
2
What is the remainder when 140 is divided by 15?
5
What is the remainder when 333 is divided by 49?
39
Calculate the remainder when 4791 is divided by 1195.
11
Calculate the remainder when 267 is divided by 18.
15
What is the remainder when 34 is divided by 15?
4
What is the remainder when 251 is divided by 6?
5
Calculate the remainder when 374 is divided by 12.
2
Calculate the remainder when 942 is divided by 105.
102
Calculate the remainder when 3379 is divided by 843.
7
What is the remainder when 67 is divided by 8?
3
Calculate the remainder when 26751 is divided by 21.
18
Calculate the remainder when 29 is divided by 20.
9
Calculate the remainder when 190 is divided by 32.
30
What is the remainder when 208 is divided by 53?
49
What is the remainder when 577 is divided by 89?
43
Calculate the remainder when 732 is divided by 21.
18
Calculate the remainder when 6043 is divided by 3020.
3
Calculate the remainder when 5605 is divided by 255.
250
What is the remainder when 4397 is divided by 83?
81
Calculate the remainder when 1118 is divided by 366.
20
Calculate the remainder when 683 is divided by 26.
7
What is the remainder when 4041 is divided by 86?
85
What is the remainder when 1310 is divided by 29?
5
Calculate the remainder when 694 is divided by 86.
6
Calculate the remainder when 2037 is divided by 15.
12
Calculate the remainder when 11534 is divided by 14.
12
What is the remainder when 10965 is divided by 12?
9
Calculate the remainder when 1239 is divided by 69.
66
Calculate the remainder when 18851 is divided by 14.
7
What is the remainder when 258 is divided by 13?
11
Calculate the remainder when 151 is divided by 53.
45
Calculate the remainder when 503 is divided by 39.
35
What is the remainder when 601 is divided by 4?
1
Calculate the remainder when 766 is divided by 48.
46
What is the remainder when 2249 is divided by 23?
18
What is the remainder when 307 is divided by 94?
25
What is the remainder when 2746 is divided by 21?
16
Calculate the remainder when 406 is divided by 126.
28
Calculate the remainder when 2414 is divided by 151.
149
What is the remainder when 5357 is divided by 54?
11
What is the remainder when 51 is divided by 5?
1
What is the remainder when 232 is divided by 44?
12
Calculate the remainder when 162 is divided by 28.
22
Calculate the remainder when 1249 is divided by 13.
1
What is the remainder when 336 is divided by 182?
154
What is the remainder when 119 is divided by 10?
9
Calculate the remainder when 131 is divided by 46.
39
What is the remainder when 182 is divided by 37?
34
What is the remainder when 367 is divided by 9?
7
Calculate the remainder when 1393 is divided by 83.
65
Calculate the remainder when 47 is divided by 21.
5
What is the remainder when 1647 is divided by 75?
72
What is the remainder when 1753 is divided by 9?
7
What is the remainder when 470 is divided by 111?
26
Calculate the remainder when 197 is divided by 11.
10
What is the remainder when 294 is divided by 141?
12
Calculate the remainder when 2005 is divided by 134.
129
Calculate the remainder when 127 is divided by 74.
53
What is the remainder when 1913 is divided by 92?
73
Calculate the remainder when 995 is divided by 87.
38
Calculate the remainder when 6767 is divided by 13.
7
Calculate the remainder when 1389 is divided by 116.
113
Calculate the remainder when 998 is divided by 111.
110
What is the remainder when 584 is divided by 161?
101
What is the remainder when 527 is divided by 53?
50
Calculate the remainder when 954 is divided by 11.
8
Calculate the remainder wh